{"id":472,"date":"2019-01-26T15:28:44","date_gmt":"2019-01-26T14:28:44","guid":{"rendered":"http:\/\/asv-winterthur.ch\/?page_id=472"},"modified":"2022-02-07T21:07:10","modified_gmt":"2022-02-07T20:07:10","slug":"js-kurs-2019","status":"publish","type":"page","link":"http:\/\/www.asv-winterthur.ch\/?page_id=472","title":{"rendered":"JS-Kursprogramm"},"content":{"rendered":"\n<p>Im 2022 treffen wir uns an diesen Daten auf dem <strong>Schiessplatz Ohrb\u00fchl an der Seenerstrasse 139 in Winterthur<\/strong> zum Jungsch\u00fctzenkurs:<\/p>\n\n\n\n<figure class=\"wp-block-table\"><table><tbody><tr><td>Samstag<\/td><td>5. M\u00e4rz<\/td><td>13.30-15.30<\/td><td>1. Kurstag<\/td><\/tr><tr><td>Dienstag<\/td><td>3. Mai<\/td><td>18.00-20.00<\/td><td>2. Kurstag<\/td><\/tr><tr><td>Dienstag<\/td><td>31. Mai<\/td><td>18.00-20.00<\/td><td>3. Kurstag<\/td><\/tr><tr><td>Samstag<\/td><td>11. Juni<\/td><td>13.30-15.30<\/td><td>4. Kurstag Feldschiessen<\/td><\/tr><tr><td>Samstag<\/td><td>18. Juni<\/td><td>13.00-16.00<\/td><td>5. Kurstag Feldschiessen<\/td><\/tr><tr><td>Dienstag<\/td><td>5. Juli<\/td><td>18.00-20.00<\/td><td>6. Kurstag<\/td><\/tr><tr><td>Dienstag<\/td><td>16. August<\/td><td>18.00-20.00<\/td><td>7. Kurstag<\/td><\/tr><tr><td>Samstag<\/td><td>27. August<\/td><td>13.30-17.00<\/td><td>8. Kurstag<\/td><\/tr><tr><td>Dienstag<\/td><td>30. August<\/td><td>18.00-20.00<\/td><td>9. Kurstag<\/td><\/tr><\/tbody><\/table><\/figure>\n","protected":false},"excerpt":{"rendered":"<p>Im 2022 treffen wir uns an diesen Daten auf dem Schiessplatz Ohrb\u00fchl an der Seenerstrasse 139 in Winterthur zum Jungsch\u00fctzenkurs: Samstag 5. M\u00e4rz 13.30-15.30 1. Kurstag Dienstag 3. Mai 18.00-20.00 2. Kurstag Dienstag 31. Mai 18.00-20.00 3. Kurstag Samstag 11. Juni 13.30-15.30 4. Kurstag Feldschiessen Samstag 18. Juni 13.00-16.00 5. Kurstag Feldschiessen Dienstag 5. Juli &hellip; <\/p>\n<p class=\"link-more\"><a href=\"http:\/\/www.asv-winterthur.ch\/?page_id=472\" class=\"more-link\"><span class=\"screen-reader-text\">\u201eJS-Kursprogramm\u201c<\/span> weiterlesen<\/a><\/p>\n","protected":false},"author":2,"featured_media":0,"parent":0,"menu_order":0,"comment_status":"closed","ping_status":"closed","template":"","meta":{"footnotes":""},"class_list":["post-472","page","type-page","status-publish","hentry"],"_links":{"self":[{"href":"http:\/\/www.asv-winterthur.ch\/index.php?rest_route=\/wp\/v2\/pages\/472","targetHints":{"allow":["GET"]}}],"collection":[{"href":"http:\/\/www.asv-winterthur.ch\/index.php?rest_route=\/wp\/v2\/pages"}],"about":[{"href":"http:\/\/www.asv-winterthur.ch\/index.php?rest_route=\/wp\/v2\/types\/page"}],"author":[{"embeddable":true,"href":"http:\/\/www.asv-winterthur.ch\/index.php?rest_route=\/wp\/v2\/users\/2"}],"replies":[{"embeddable":true,"href":"http:\/\/www.asv-winterthur.ch\/index.php?rest_route=%2Fwp%2Fv2%2Fcomments&post=472"}],"version-history":[{"count":16,"href":"http:\/\/www.asv-winterthur.ch\/index.php?rest_route=\/wp\/v2\/pages\/472\/revisions"}],"predecessor-version":[{"id":741,"href":"http:\/\/www.asv-winterthur.ch\/index.php?rest_route=\/wp\/v2\/pages\/472\/revisions\/741"}],"wp:attachment":[{"href":"http:\/\/www.asv-winterthur.ch\/index.php?rest_route=%2Fwp%2Fv2%2Fmedia&parent=472"}],"curies":[{"name":"wp","href":"https:\/\/api.w.org\/{rel}","templated":true}]}}