{"id":1577,"date":"2026-02-28T12:17:40","date_gmt":"2026-02-28T11:17:40","guid":{"rendered":"http:\/\/www.asv-winterthur.ch\/?page_id=1577"},"modified":"2026-02-28T12:41:30","modified_gmt":"2026-02-28T11:41:30","slug":"feldmeister","status":"publish","type":"page","link":"http:\/\/www.asv-winterthur.ch\/?page_id=1577","title":{"rendered":"Feldmeister"},"content":{"rendered":"\t\t<div data-elementor-type=\"wp-page\" data-elementor-id=\"1577\" class=\"elementor elementor-1577\">\n\t\t\t\t\t\t<section class=\"elementor-section elementor-top-section elementor-element elementor-element-d15e903 elementor-section-boxed elementor-section-height-default elementor-section-height-default\" data-id=\"d15e903\" data-element_type=\"section\" data-e-type=\"section\">\n\t\t\t\t\t\t<div class=\"elementor-container elementor-column-gap-default\">\n\t\t\t\t\t<div class=\"elementor-column elementor-col-100 elementor-top-column elementor-element elementor-element-de8b765\" data-id=\"de8b765\" data-element_type=\"column\" data-e-type=\"column\">\n\t\t\t<div class=\"elementor-widget-wrap elementor-element-populated\">\n\t\t\t\t\t\t<div class=\"elementor-element elementor-element-9caa5f8 elementor-widget elementor-widget-text-editor\" data-id=\"9caa5f8\" data-element_type=\"widget\" data-e-type=\"widget\" data-widget_type=\"text-editor.default\">\n\t\t\t\t<div class=\"elementor-widget-container\">\n\t\t\t\t\t\t\t\t\t<p style=\"text-align: center;\"><span style=\"font-size: 22pt;\"><strong>Feldmeister &#8211; Wettbewerb<\/strong><\/span><\/p>\t\t\t\t\t\t\t\t<\/div>\n\t\t\t\t<\/div>\n\t\t\t\t\t<\/div>\n\t\t<\/div>\n\t\t\t\t\t<\/div>\n\t\t<\/section>\n\t\t\t\t<section class=\"elementor-section elementor-top-section elementor-element elementor-element-96bd226 elementor-section-boxed elementor-section-height-default elementor-section-height-default\" data-id=\"96bd226\" data-element_type=\"section\" data-e-type=\"section\">\n\t\t\t\t\t\t<div class=\"elementor-container elementor-column-gap-default\">\n\t\t\t\t\t<div class=\"elementor-column elementor-col-100 elementor-top-column elementor-element elementor-element-4dd1b0a\" data-id=\"4dd1b0a\" data-element_type=\"column\" data-e-type=\"column\">\n\t\t\t<div class=\"elementor-widget-wrap elementor-element-populated\">\n\t\t\t\t\t\t<div class=\"elementor-element elementor-element-b769a2e elementor-widget elementor-widget-text-editor\" data-id=\"b769a2e\" data-element_type=\"widget\" data-e-type=\"widget\" data-widget_type=\"text-editor.default\">\n\t\t\t\t<div class=\"elementor-widget-container\">\n\t\t\t\t\t\t\t\t\t<p><span style=\"font-size: 16pt;\"><strong>Reglement<\/strong><\/span><\/p><p>\u00a0Zur Teilnahme am Feldmeister &#8211; Wettbewerb sind alle Vereinsmitglieder und Jungsch\u00fctzen zugelassen. Es wird keine Lizenz ben\u00f6tigt<\/p><p>Zur Ermittlung des Feldmeisters werden folgenden Stiche ben\u00f6tigt<\/p><ul><li style=\"list-style-type: none;\"><ul><li>Feldschiessen<\/li><li>Bundesprogramm<\/li><li>Feldstich (Hauptdoppel)<\/li><li>2 Feldschiessen Trainingspasse ( Die besser Passe wird gez\u00e4hlt)<\/li><\/ul><\/li><\/ul><p>Die Rangfolge wird bestimmt:<\/p><ol><li style=\"list-style-type: none;\"><ol><li>Durch die Gesamtpunktzahl<\/li><li>Durch das h\u00f6here Eidg. &#8211; Feldschiessen<\/li><li>Durch das h\u00f6here Bundesprogramm<\/li><li>Dann JJ\/J\/SV\/V\/A (gem\u00e4ss SSV)<\/li><\/ol><\/li><\/ol><p>Preise<\/p><ul><li style=\"list-style-type: none;\"><ul><li>Der erste Rang Feldmeister erh\u00e4lt CHF 50.00<\/li><li>Der zweite Rang Feldmeister erh\u00e4lt CHF 30.00<\/li><li>Der dritte Rang Feldmeister erh\u00e4lt CHF 20.00<\/li><\/ul><\/li><\/ul><p>Allgemeine Bestimmungen<\/p><ul><li style=\"list-style-type: none;\"><ul><li>Waffenkategorie &#8211;\u00a0 STG90 &#8211; STG57\/03 &#8211;\u00a0 STG57\/02 &#8211; Karabiner<\/li><li>Die zwei Feldschiessen Trainingspasse und\u00a0 der Feldstich m\u00fcssen vor dem Eidg. &#8211; Feldschiessen geschossen werden\u00a0<\/li><li>Das Eidg. &#8211; Feldschiessen am Vorschiessen bez. am Hauptschiessen geschossen werden.<\/li><li>Das Bundesprogram muss an einem der Zehn offizielle Bundesprogramm Terminen geschossen werden.<\/li><\/ul><\/li><\/ul>\t\t\t\t\t\t\t\t<\/div>\n\t\t\t\t<\/div>\n\t\t\t\t\t<\/div>\n\t\t<\/div>\n\t\t\t\t\t<\/div>\n\t\t<\/section>\n\t\t\t\t<\/div>\n\t\t","protected":false},"excerpt":{"rendered":"<p>Feldmeister &#8211; Wettbewerb Reglement \u00a0Zur Teilnahme am Feldmeister &#8211; Wettbewerb sind alle Vereinsmitglieder und Jungsch\u00fctzen zugelassen. Es wird keine Lizenz ben\u00f6tigt Zur Ermittlung des Feldmeisters werden folgenden Stiche ben\u00f6tigt Feldschiessen Bundesprogramm Feldstich (Hauptdoppel) 2 Feldschiessen Trainingspasse ( Die besser Passe wird gez\u00e4hlt) Die Rangfolge wird bestimmt: Durch die Gesamtpunktzahl Durch das h\u00f6here Eidg. &#8211; Feldschiessen &hellip; <\/p>\n<p class=\"link-more\"><a href=\"http:\/\/www.asv-winterthur.ch\/?page_id=1577\" class=\"more-link\"><span class=\"screen-reader-text\">\u201eFeldmeister\u201c<\/span> weiterlesen<\/a><\/p>\n","protected":false},"author":3,"featured_media":0,"parent":0,"menu_order":0,"comment_status":"closed","ping_status":"closed","template":"elementor_header_footer","meta":{"footnotes":""},"class_list":["post-1577","page","type-page","status-publish","hentry"],"_links":{"self":[{"href":"http:\/\/www.asv-winterthur.ch\/index.php?rest_route=\/wp\/v2\/pages\/1577","targetHints":{"allow":["GET"]}}],"collection":[{"href":"http:\/\/www.asv-winterthur.ch\/index.php?rest_route=\/wp\/v2\/pages"}],"about":[{"href":"http:\/\/www.asv-winterthur.ch\/index.php?rest_route=\/wp\/v2\/types\/page"}],"author":[{"embeddable":true,"href":"http:\/\/www.asv-winterthur.ch\/index.php?rest_route=\/wp\/v2\/users\/3"}],"replies":[{"embeddable":true,"href":"http:\/\/www.asv-winterthur.ch\/index.php?rest_route=%2Fwp%2Fv2%2Fcomments&post=1577"}],"version-history":[{"count":4,"href":"http:\/\/www.asv-winterthur.ch\/index.php?rest_route=\/wp\/v2\/pages\/1577\/revisions"}],"predecessor-version":[{"id":1584,"href":"http:\/\/www.asv-winterthur.ch\/index.php?rest_route=\/wp\/v2\/pages\/1577\/revisions\/1584"}],"wp:attachment":[{"href":"http:\/\/www.asv-winterthur.ch\/index.php?rest_route=%2Fwp%2Fv2%2Fmedia&parent=1577"}],"curies":[{"name":"wp","href":"https:\/\/api.w.org\/{rel}","templated":true}]}}